281 + 142 - 3*z**2. What is k(-1)?
-79
Let y(l) = 19*l - 359. Let c be y(19). Let q(z) = -z**2 - 9*z + 22. Give q(c).
0
Let v(c) = -c**2 - 6*c + 3. Let p = -5842 - -5828. What is v(p)?
-109
Suppose -3*t = l + 16, -t + 4*l = 3*l + 4. Let h(j) = -16*j**2 + 4*j - 9. Let m(v) = -8*v**2 + 2*v - 5. Let f(x) = t*m(x) + 3*h(x). Give f(2).
-30
Suppose 152*s - 159*s = 1869. Let f = 277 + s. Let l(p) = -p + 9. Determine l(f).
-1
Suppose -3*l - f + 20 - 61 = 0, -3*f = -l - 27. Let r(k) = 3*k**2 + 43*k - 31. Let d be r(l). Let w(j) = 18*j. Determine w(d).
-18
Let a(k) = -k**3 + 5*k**2 - 3*k. Let h be a(2). Let w be 2 - ((-14)/2 + -1). Let n(s) = -11 + w + s**3 + h*s**3. Give n(1).
6
Let z = 112 + -63. Suppose -5*t - 2*t - z = 0. Let u(g) be the third derivative of g**4/24 - 5*g**3/3 + g**2 - 23. Give u(t).
-17
Let w(q) = 13393*q + 20 - 6695*q - 6697*q. Give w(-16).
4
Let f(o) = -8*o**2. Let a be f(-1). Let d(r) be the second derivative of -216*r + 1/6*r**3 + 7/2*r**2 + 0. What is d(a)?
-1
Let o(v) = -2*v**2 - 53*v + 22. Let z(k) = -k**2 - 45*k + 20. Let y(l) = -4*o(l) + 5*z(l). Determine y(2).
-2
Let y be ((-2)/(-6))/((-2)/(-6)). Let h(r) be the second derivative of -r**4 - r**3/6 - 55049*r. Give h(y).
-13
Suppose -162 = -5*j - 22*j. Let w(b) be the third derivative of -b**6/120 + b**5/10 - b**4/24 + b**3/6 - 58*b**2. Determine w(j).
-5
Let s(o) = 7*o**2 - 8*o + 13. Let c(w) = -2*w**2 + 2*w + 1. Let d(r) = 4*c(r) + s(r). Let x be d(5). Let t(p) = -3*p - 11. Determine t(x).
13
Let l(f) = -83*f**2 - f + 15. Let o be l(0). Let n(y) = y**2 - 15*y + 2. Determine n(o).
2
Let k(a) = -a**2 + a - 5. Let v be (-57)/(-95) + (-1026)/(-15) + 0. Let f be 0*((-2)/28 - v/161). Calculate k(f).
-5
Let h(n) = -n**3 + 12*n**2 + 13*n. Let j = 177 + -186. Let d(r) = -r**2 - 10*r + 4. Let p be d(j). What is h(p)?
0
Let s(q) = q**2 + q. Let y(p) = -2*p**2 - 7*p - 4. Let c(a) = s(a) + y(a). Suppose -3*x = -3*l, 2*l = x - 4*x. Suppose 103*w - 101*w + 12 = x. What is c(w)?
-4
Let v(t) = -t**2 + 38*t - 269. Let m be v(9). Let r(z) = z**2 + 10*z + 12. Determine r(m).
-4
Let n(g) be the third derivative of -93*g**2 + 0*g**4 - 1/120*g**6 - 11/30*g**5 + 5/6*g**3 + 0*g + 0. Determine n(-22).
5
Suppose 5*x = 4*j + 181, 3*j - 6*j + 188 = 5*x. Let r(q) = -17*q + x*q + 4 - 22*q + 0 + 3. Determine r(6).
-5
Let w(f) be the second derivative of 4*f**3 - 4*f**2 + 12651*f. Determine w(-4).
-104
Let v be 45/6*1/(-3) + 20/40. Let o(l) = 2*l**2 + 7*l + 1. Determine o(v).
-5
Let w(z) be the third derivative of z**5/12 - z**4/24 - 5*z**2 - 3*z + 719. Suppose -c + 0 - 1 = 0. Calculate w(c).
6
Let f(m) = -4*m**2 + 36*m - 3. Let v be f(9). Let s(y) be the first derivative of -y**4/4 - 5*y**3/3 - y**2/2 - 82. What is s(v)?
-15
Let c(y) = 133 - 115 + 5*y + y**3 - 4*y**2 + 10*y**2. Calculate c(-6).
-12
Let i(k) = k**3 - 3*k**2 + 3*k - 4. Let l be (-6)/(-8) - (-345)/(-60). Let h(c) = -3*c**3 + 5*c**2 - 7*c + 7. Let f(o) = l*i(o) - 2*h(o). Calculate f(-6).
-24
Let s(t) be the second derivative of -t**4/12 - 4*t**3/3 + 18*t**2 + 393*t. What is s(-12)?
-12
Let n(z) = -2 - 9075*z + 18148*z - 9068*z. Let g be ((-2)/6)/(1/(-9)). Calculate n(g).
13
Let v(y) = -6*y**2 - 181*y - 167. Let n(h) = -15*h**2 - 452*h - 399. Let z(i) = 5*n(i) - 12*v(i). What is z(-30)?
-51
Let s(j) = -3*j + 3. Let q be s(4). Let o(a) = -7 + 7749*a - 15484*a + 7736*a. Calculate o(q).
-16
Let s = 0 + 1. Let o be ((-3)/3*0/(-2))/s. Suppose -3*n - 3*t - 18 = o, 0*n = -2*n + 3*t - 12. Let a(d) = d - 8. Determine a(n).
-14
Let s(r) = -r**2 + 47*r - 47. Let j(y) = -y**3 - 31*y**2 - 232*y + 82. Let n be j(-18). What is s(n)?
-1
Let i(r) be the third derivative of r**6/120 + 2*r**5/5 - r**4 + 23*r**3/3 - 1075*r**2. Determine i(-25).
21
Let c(g) = -g**2 + 14*g + 45. Let x(r) = -15*r**3 + 77*r**2 - 12*r + 27. Let f be x(5). Calculate c(f).
-6
Let u = 4777 - 4772. Let r(d) = 6*d + 0*d - d**3 + 2 - 7 + 4*d**2. Calculate r(u).
0
Let y be 44/(-7) + 265/(-371). Let z(i) = 2*i + 20. What is z(y)?
6
Suppose 407*s + 1743 = 280*s - 122*s. Let h(g) = -1. Let d(m) = -2*m**2 - 9*m + 3. Let n(x) = d(x) - 3*h(x). Determine n(s).
-29
Let t(m) = -17*m - 58. Let i be -7 + (-15)/(-40) + 116/32. Let n be t(i). Let v(j) = 2*j + 10. Determine v(n).
-4
Let x(o) be the first derivative of -o**3/3 - 6*o**2 - 21*o + 245. Determine x(-14).
-49
Let s = -28400 + 28378. Let r(p) = p**3 + 23*p**2 + 28*p - 19. What is r(s)?
-151
Let a(x) = -3 + 2*x**2 + 0*x**2 + 4. Suppose q + 2*i = -97, -4*q = -i + 5*i + 372. Let z = q + 90. Determine a(z).
3
Let l(j) be the second derivative of -7/2*j**2 - 1/3*j**3 + 2 - 29*j. Suppose 2*x + 4 = 18. Calculate l(x).
-21
Let c(l) be the third derivative of 3*l**6/10 - l**5/20 + l**4/24 + 7*l**2 - 312. What is c(1)?
34
Let l(u) = 1482 - 4452 + 1480 - 6*u + 1485. What is l(-5)?
25
Let c(b) be the second derivative of b**3/3 - 23*b**2 - 1271*b - 2. Calculate c(-12).
-70
Let s(d) = d**3 + 4*d**2 + 69*d + 375. Let v be s(-5). Let c(z) = z**2 - 11*z + 25. Determine c(v).
-5
Let u(v) = -4*v - 5. Suppose 0 = -6*n - n + 28. Suppose 0*y = -2*y - n, -4*a - 2*y = 12. Let m(q) = 9*q + 10. Let s(k) = a*m(k) - 5*u(k). Calculate s(-5).
-5
Suppose -21*j + 36 = -30*j. Let d(c) be the second derivative of -c**4/12 - c**3/3 + 5*c**2/2 - c. Let z be d(j). Let p(k) = k**3 + 4*k**2 - 3*k - 3. Give p(z).
15
Suppose 5*w - 18 = -3. Let y(b) be the third derivative of -b**4/3 - b**3/6 + 85188*b**2. Determine y(w).
-25
Let v(a) = a - 4. Let k = -147 + 117. Let i = 30 + k. Calculate v(i).
-4
Let a be ((-402)/(-9))/((-7)/((-42)/4)). Let g(n) = 34*n - a*n + 1 - 3*n**3 + 30*n + 2*n**2. Calculate g(2).
-21
Let p(l) = l**3 + 9*l**2 + 17*l + 44. Let g = 26782 + -26789. Determine p(g).
23
Suppose 4*g = -20, c + 54*g = 51*g - 28. Let o(s) = 5 + 6 + 2*s + 0. Determine o(c).
-15
Let w(o) = 0*o - 43 + 89 + 2*o**2 - 48 - 3*o. Let l = -31 + 34. Calculate w(l).
7
Let b = 170 + -155. Let w(f) = 20*f - 18*f - 2*f**3 + 9*f**2 + f**3 + 2 - b*f**2. Determine w(-3).
-31
Let a(l) = -2*l**2 + l + 14. Let s be a(4). Let u be s/7 + 15/3. Let x(r) = 20*r**u + 3*r**2 - 48*r**3 + 2*r + 29*r**3. Calculate x(-2).
0
Suppose 12 = 10*d + 2. Let j(c) = -3*c + d - c**2 + 7*c - 19*c + 10*c. Determine j(-4).
5
Let i(t) = -10056*t + 3354*t + 0 + 3347*t + 3353*t + 4. Calculate i(6).
-8
Let w(g) = g**2 + 13*g - 80. Let a(l) = -l**2 - 15*l + 84. Let x(m) = 5*a(m) + 6*w(m). Calculate x(6).
-6
Let l(o) be the second derivative of -o**3/6 + 2*o**2 - 4*o - 2. Let i(f) = f**2 - 12*f + 20. Let s be i(10). Give l(s).
4
Let f(g) = -g**2 - 9*g + 12. Let q be 1/(30/(-70) - 319/(-728)). Suppose 106*j - q*j + 18 = 0. What is f(j)?
12
Let j(i) = i**3 - i + 1. Suppose -a = -2*a + v + 8, 5*a - v = 24. Let s(n) = -14*n - 2*n**2 - 2 + 12*n + a*n**3 - 3*n**3. Let t be s(0). Give j(t).
-5
Let n(y) = 11*y - 88. Let i be n(15). Suppose 0 = 10*u + i - 57. Let q(j) = 2*j**2 + 4*j + 3. Calculate q(u).
3
Let f = -6 - -3. Let l(u) be the second derivative of -u**7/2520 - u**6/240 - u**5/120 - u**4/6 + 26*u. Let q(v) be the third derivative of l(v). Give q(f).
-1
Suppose 288 = 521*m - 473*m. Let f(w) = w**3 - 7*w**2 + 8*w - 30. What is f(m)?
-18
Let o(y) be the second derivative of 0 - 25*y - 3/2*y**2 + 5/6*y**3 - 1/3*y**4 - 1/20*y**5. Let w be -2 - (-1)/(-1) - 1. Give o(w).
-23
Let v = -2 + 5. Let t(p) be the third derivative of -1/20*p**5 + 1/120*p**6 + 0*p**3 + 1/12*p**4 + 1 + 0*p - 59*p**2. Determine t(v).
6
Let l(k) = -k**3 - 5*k**2 + 5*k - 1. Let t be l(-6). Let s(g) = g - 9 - 5*g + 6. Let z(q) = -q - 2. Let h(c) = s(c) - 5*z(c). Calculate h(t).
12
Suppose 2*w - b - b - 6 = 0, 3*b + 5 = -w. Let o be w/((-9)/2) - (-21)/(-27). Let a(n) = n + 8. Let h(y) = 1. Let f(c) = o*h(c) - a(c). Determine f(-7).
-2
Let w(z) = 3*z - 32. Suppose -445*f + 435*f = -160. Give w(f).
16
Let i(j) = -113 - 117 - 23*j + 458 - 120 - 116. What is i(3)?
-77
Let a(g) = g**3 + 4*g**2 + 3*g. Let n = 34 - 20. Let p be 2/n + (-736)/56. Let c(l) = -l**2 - 13*l - 2. Let s be c(p). Give a(s).
2
Suppose -7*a = -67*a + 480. Let v(l) = -2*l**2 + 14*l + 7. Determine v(a).
-9
Let b(f) = -f**3 - f**2 + 1. Let y(g) = -7*g + 944. Let c be y(135). Determine b(c).
1
Let p(a) be the third derivative of -a**7/840 + a**6/60 - a**5/30 - a**4/24 + 160*a**3/3 - 275*a**2. Let w(d) be 